ts digit of s?
9
Let a(m) = -83*m + 2. Let f be a(-1). Suppose 6*q = q + f. What is the units digit of q?
7
Suppose 13*b - 11*b = 52. What is the units digit of b?
6
Let i(k) = -k**2 + 3*k - 3. Let w be i(3). Let h = 17 + w. What is the tens digit of h?
1
Suppose -5*c + 11 = -d, c + 3*c - 2*d = 10. Suppose -2*w + 4*w = -a + c, 2*a = 5*w + 13. Let q(j) = -j**2 + 6*j - 2. What is the units digit of q(a)?
6
Suppose 3*j + 335 = 4*d - 573, -5*d - 3*j = -1135. What is the tens digit of d?
2
Let g = -13 + 19. What is the units digit of g?
6
Let c(t) = -t**2 + 9*t - 7. Let x be c(8). Let h(w) = 20*w**2 + 2*w - 1. What is the tens digit of h(x)?
2
Let f(y) = -y**3 - y**2. Let c be f(-2). Suppose -c*j = 6 - 130. What is the tens digit of j?
3
Let y be (90/20)/((-1)/4). Let o = y - -30. What is the tens digit of o?
1
Let f(r) = 16*r**3 + r - 1. Suppose 0 = 2*a - 4*p - 6 - 16, a = p + 6. What is the units digit of f(a)?
6
Suppose -4*i + 389 = -235. What is the units digit of i?
6
Suppose 4*m + 76 = 16. Let u be 4/(-8) + (-413)/(-14). Let k = m + u. What is the tens digit of k?
1
Let d(p) = p**3 + 3*p**2 + 2*p + 1. Let u be d(-2). Let y = u + 8. What is the units digit of y?
9
Suppose -4*q + 4*f = -60, -2 + 6 = -2*f. What is the units digit of (3 - 0) + 2*q?
9
Suppose 0*l = 4*l - 32. Let b(p) = -2*p. Let y be b(2). Let a = y + l. What is the units digit of a?
4
Let a be -1*(0 + 39/3). Let g = a + 7. What is the units digit of g/10 + 56/10?
5
Let f be (-1 - (-4 - -2)) + -1. Suppose 2*i - 13 = 4*d - 1, 3*d - 6 = f. Suppose 0 = 5*k + i, -j + 5*k + 14 = 3. What is the units digit of j?
1
Let s(a) = a + 4. Let j = 4 + -4. Let h be s(j). Let u(o) = -o**3 + 5*o**2 - 4*o + 4. What is the units digit of u(h)?
4
Let l(j) = j**2 - 3*j - 2. Let s be l(3). Let d(v) be the third derivative of v**5/60 + v**3/6 + v**2. What is the units digit of d(s)?
5
Let r(k) = 4*k**3 - k**2 + 2*k - 2. What is the units digit of r(1)?
3
Let o(n) = -3 + 2 + n - 5 - 1. What is the units digit of o(8)?
1
Let u be (-4)/10 - (-112)/(-20). Let x = 42 + u. What is the tens digit of x?
3
Suppose 3*g - 8*g = -5. Suppose 0 = -5*s + 4 + g, 3*s + 55 = 2*o. What is the units digit of o?
9
Let m be (-2)/(-4) - 12/(-8). Suppose 0 = 4*n + 3*b - 76, -m*n + 2*b = -6 - 46. What is the units digit of n?
2
Suppose -19*o - 244 = -20*o. What is the units digit of o?
4
Let h(y) = y**3 + 3*y**2 + 2*y + 1. Let d be h(-2). Let o(c) = 27*c + 1. What is the units digit of o(d)?
8
Suppose -3*k + 16 = -k. Suppose 0 = -6*j + 118 + k. What is the units digit of j?
1
Let d(l) = -15*l**2 + 17*l**2 + 23*l**2. What is the units digit of d(-1)?
5
Let h(w) = -2*w + 69. Let a(i) = -3*i + 103. Let f(d) = 5*a(d) - 7*h(d). What is the tens digit of f(14)?
1
Suppose 0*a + 5*s = 2*a + 3, 4*a - 36 = -4*s. What is the units digit of a?
6
What is the units digit of (0 + 62/4)/((-1)/(-2))?
1
Let q be 0/((-3 - -9)/2). Let d = 5 + q. What is the units digit of d?
5
Suppose 21 = 5*o + 3*a - 211, 4*a + 239 = 5*o. What is the tens digit of o?
4
Suppose -12*y = -15*y + 15. What is the units digit of y?
5
Suppose -y + 5*b = 4*y + 5, 5*y - 3*b = 5. Suppose 0 = -5*i + 4*i + 3. Suppose -7*m + i = -y*m. What is the units digit of m?
1
Let p = -46 - -200. What is the tens digit of p?
5
Let y(t) = t**3 + 3*t**2 + t. Let k be y(-3). Let j be 2/k*3/(-2). What is the units digit of 2 + j + -1 + 1?
3
Let m = -21 + 30. Let b be (m/(-6))/((-6)/16). Suppose 0*j + b*j - 16 = 0. What is the units digit of j?
4
Suppose -4*d = 24 - 72. What is the tens digit of d?
1
Let a(n) = n**3 + 7*n**2 + 3*n. Let j be a(-3). What is the tens digit of -3 + 0 + 0 + j?
2
Let r be (-3)/((-6)/(-10)) - -1. Let d(a) = -a + 2. Let h be d(r). Let t(y) = -y**2 + 8*y - 5. What is the units digit of t(h)?
7
Suppose 1 = -5*i + 16, -5*i = -5*r. Suppose 2*a + 12 = r*a. What is the units digit of a?
2
Let t(g) = g**3 + 5*g**2 - 3*g. Let o be (8/6)/(2/(-6)). What is the units digit of t(o)?
8
Let i(d) = 35*d. What is the tens digit of i(8)?
8
Let v be (-1)/1 + 3/3. Suppose v = b - 4*b + 9. What is the units digit of b?
3
Let o(l) = -2*l. Suppose -2*q = -5*q + p - 4, -4*q - 5*p - 37 = 0. Let g = q + 2. What is the units digit of o(g)?
2
Let j(c) = c**3 - 5*c**2 + 9*c - 6. Let g be j(6). Suppose 6 = -3*q, -5*f + g - 29 = -5*q. What is the units digit of f?
9
Suppose -1233 = 5*j - 14*j. What is the units digit of j?
7
Suppose -5*b + 35 = 4*l, -2*b + 31 = l + 4*l. Suppose 0 = -b*a - 5*i + 21, -4*i + 19 = 2*a + i. What is the units digit of a?
2
Let b(g) be the second derivative of -g**4/12 + 4*g**3/3 + 7*g**2/2 + g. Let k be b(9). What is the units digit of (30/(-3))/k*2?
0
Let z(i) = -i**3 - 11*i**2 - 13*i + 5. Let x be z(-10). What is the tens digit of (-10)/x - (-354)/14?
2
Let p(k) = k - 6. Let x = -1 + 4. Suppose 2*l - u = 16, -5*l + x*l - 2*u + 10 = 0. What is the units digit of p(l)?
1
Suppose 0 = -2*r + l + 49, -5*r - 4*l - 14 = -104. Let d = -13 + r. What is the units digit of d?
9
Suppose -2*d + 3*h + 12 = 1, -5*h = 2*d - 3. What is the units digit of d?
4
Suppose 4*q + 163 = v, -4*v - 3*q = v - 792. What is the units digit of v?
9
Let x(a) = -2*a. Suppose r + 5*y = -0*r + 28, 20 = 2*r + y. Let t be x(r). Let i = -1 - t. What is the tens digit of i?
1
Let p(x) = 8*x - 1 + 7 - 2 - x**3 + 6*x**2. What is the units digit of p(7)?
1
Suppose -4*z + d = -30, 4*d - 5*d = -3*z + 23. What is the units digit of z?
7
Let v(h) = -h**2 + 5*h + 1. Let l be v(6). Let b = 6 - l. What is the units digit of b?
1
Let l(u) = -4*u. Let j be l(2). Let a be (j/(-16))/((-1)/(-118)). Suppose -3*b + 4*m + a = 0, -m = 5 - 0. What is the tens digit of b?
1
Let p(s) = 6*s**2 + s + 1. Let a be p(-1). Let k = a + -2. Suppose -k*v - 4*o + 44 = 0, 0 = -v - v + 4*o + 10. What is the units digit of v?
9
Suppose -a = 2*a - 15. Let k be -13 - a/((-15)/(-6)). Let z = 21 + k. What is the units digit of z?
6
Suppose -h - 3*n = -4*n - 5, 4*n = 2*h - 16. Let q(b) = 0 - h + 2*b + 1 - 2*b**2 + 4*b**3. What is the units digit of q(1)?
3
Let s = 18 - 33. Suppose 4*b + 0*b = -40. What is the units digit of (12/s)/(2/b)?
4
Let g(b) = 17*b - 1. Let j be 0 + 1 + 1 - 1. What is the tens digit of g(j)?
1
Let g(s) = -s**2 - 3*s + 2. Let c be g(-3). Suppose -2*h - c*h = -16. What is the units digit of h?
4
Let x(f) = -f**3 + 11*f**2 + 19*f - 18. What is the units digit of x(12)?
6
Let v be 4/6 + 8/6. Suppose -v*f = f - 3, -5*w = 5*f - 95. What is the units digit of w?
8
What is the tens digit of 1*1/(2/(-440))*-1?
2
Suppose 0 = -5*z + 3*t + 21, 0 = -5*t - 10. What is the units digit of z?
3
Suppose 2*u - 3*u - 7 = 4*k, k + 2*u = 0. Let t = 10 + k. What is the units digit of t?
8
Suppose -t = 4*h - 62, -2*h + 11 = 2*t - 17. Let d be (9/6)/(2/h). Let f = d - 7. What is the units digit of f?
5
Let q = 6 + -24. Let a = 14 - q. What is the units digit of a?
2
What is the units digit of ((-154)/(-4))/((-7)/(-14))?
7
Let i(n) = -2*n - 2. Let d be ((-2)/4)/((-1)/(-6)). Let h be i(d). Suppose -x = f - 6, -5*f - h*x = -31 - 1. What is the units digit of f?
8
What is the units digit of -2 - (336/2)/(-3)?
4
Suppose -2*j = 3*j - 360. What is the units digit of j?
2
Let p(r) be the third derivative of r**6/360 - r**5/60 - 7*r**4/24 - r**3/3 - 3*r**2. Let x(k) be the first derivative of p(k). What is the units digit of x(5)?
8
Suppose 2*h - 6 - 2 = 0. Suppose 3*l - 150 = a, -a = -l - h*l + 252. What is the tens digit of l?
5
Let m be 33/(-4) - (-4)/16. Let f = 3 + m. Let j = 6 - f. What is the tens digit of j?
1
Let a be (-1 - -5)/((-3)/(-6)). Let q(c) = -c**3 + 9*c**2 - 6*c - 10. Let w be q(a). Suppose b = -0*b + w. What is the units digit of b?
6
Let r(z) = z**3 + 7*z**2 - 7*z - 10. Suppose -3*a - 35 = 2*a. What is the units digit of r(a)?
9
Let z(w) = 2*w**3 - w**2. Let l be z(1). Suppose 0 = 4*t + 1 + 3. What is the units digit of t*l + 5/1?
4
Suppose 2*s + 4*c = 98, -4*s + 3*c + 219 = s. What is the units digit of s?
5
Let c = 2 + 2. Suppose 0 = -c*z + d - 3*d + 6, 3*d - 6 = -5*z. What is the units digit of z?
3
Suppose 0 = -m - 2*m + 51. What is the tens digit of m?
1
Let b = 17 + -4. Let k = b + -6. Suppose -k - 5 = -q. What is the tens digit of q?
1
Let g(c) = -1. Let z(u) = u - 2. Let h(k) = -g(k) + z(k). What is the units digit of h